{"id":73,"date":"2023-10-25T18:50:25","date_gmt":"2023-10-25T16:50:25","guid":{"rendered":"https:\/\/vxconsultant.com\/?page_id=73"},"modified":"2024-09-28T17:59:30","modified_gmt":"2024-09-28T15:59:30","slug":"a-bientot","status":"publish","type":"page","link":"https:\/\/vxconsultant.com\/","title":{"rendered":"Philippe TRICAUD"},"content":{"rendered":"\n<h1 class=\"wp-block-heading has-text-align-left has-text-color has-link-color wp-elements-1865e708697c3ffcbd6db69b6b3a6027\" style=\"color:#26868f;font-size:26px\"><strong>Consultant Technique <\/strong>&amp; <strong>Expert en Rev\u00eatements de Sol<\/strong><\/h1>\n\n\n\n<div class=\"wp-block-columns has-background is-layout-flex wp-container-core-columns-is-layout-34624a5d wp-block-columns-is-layout-flex\" style=\"border-radius:10px;background-color:#26868f;margin-top:0;margin-bottom:0;padding-top:0;padding-right:0;padding-bottom:var(--wp--preset--spacing--40);padding-left:0;box-shadow:var(--wp--preset--shadow--natural)\">\n<div class=\"wp-block-column is-vertically-aligned-stretch is-layout-flow wp-container-core-column-is-layout-554514bd wp-block-column-is-layout-flow\" style=\"padding-top:var(--wp--preset--spacing--40);padding-bottom:0;flex-basis:33.31%\">\n<figure class=\"wp-block-image aligncenter size-full is-resized has-custom-border is-style-rounded\"><img loading=\"lazy\" decoding=\"async\" width=\"506\" height=\"778\" src=\"https:\/\/vxconsultant.com\/wp-content\/uploads\/2024\/09\/home-2.jpg\" alt=\"\" class=\"has-border-color wp-image-178\" style=\"border-color:#26868f;border-width:1px;border-radius:10px;width:172px;height:auto\" srcset=\"https:\/\/vxconsultant.com\/wp-content\/uploads\/2024\/09\/home-2.jpg 506w, https:\/\/vxconsultant.com\/wp-content\/uploads\/2024\/09\/home-2-195x300.jpg 195w\" sizes=\"auto, (max-width: 506px) 100vw, 506px\" \/><\/figure>\n<\/div>\n\n\n\n<div class=\"wp-block-column is-layout-flow wp-block-column-is-layout-flow\" style=\"flex-basis:66.69%\">\n<p class=\"has-ast-global-color-5-color has-text-color has-link-color wp-elements-482e037620bbfdd4149552603aadacbe\" style=\"padding-top:var(--wp--preset--spacing--70);padding-right:0;padding-bottom:var(--wp--preset--spacing--50);padding-left:0;font-size:22px\">Expertise valid\u00e9e<strong> <\/strong>par une formation <br>d\u2019<strong>Expert du B\u00e2timent Amiable et Contradictoire<\/strong>, <br>avec une exp\u00e9rience enrichie depuis 1995 dans les secteurs <br>de la <strong>formation<\/strong>, du <strong>support technique<\/strong> et de la <strong>gestion des litiges<\/strong>.<br>Je vous propose <a href=\"https:\/\/vxconsultant.com\/index.php\/prestations\/\" data-type=\"page\" data-id=\"88\">mes prestations<\/a>.<\/p>\n<\/div>\n<\/div>\n\n\n\n<p class=\"has-text-color has-link-color has-medium-font-size wp-elements-e963364f4261bd87b6e04590d8d69aba\" style=\"color:#26868f;padding-top:var(--wp--preset--spacing--50);padding-bottom:0\"><strong>Formation professionnelle<\/strong> <br>Animation de sessions de formation pour les \u00e9quipes commerciales et clients distributeurs chez Bonar Floors et Forbo Flooring Systems.<\/p>\n\n\n\n<p class=\"has-text-color has-link-color has-medium-font-size wp-elements-d5bc5504009f62e06ce5ed954a26ba09\" style=\"color:#26868f\"><strong>Support technique<\/strong> <br>Management du support technique pour l&rsquo;installation des rev\u00eatements de sol souples dans le second \u0153uvre.<\/p>\n\n\n\n<p class=\"has-text-color has-link-color has-medium-font-size wp-elements-f093e5b9915d41b6f7e0cf9dac07fbc0\" style=\"color:#26868f\"><strong>Gestion des litiges<\/strong><br>Gestion des r\u00e9clamations li\u00e9es aux d\u00e9fauts de produits, mise en \u0153uvre et entretien, y compris dans le cadre judiciaire.<\/p>\n\n\n\n<figure class=\"wp-block-gallery has-nested-images columns-default is-cropped wp-block-gallery-1 is-layout-flex wp-block-gallery-is-layout-flex\">\n<figure class=\"wp-block-image size-large has-custom-border\"><img loading=\"lazy\" decoding=\"async\" width=\"1024\" height=\"549\" data-id=\"163\" src=\"https:\/\/vxconsultant.com\/wp-content\/uploads\/2024\/09\/assistance11-4-1024x549.jpg\" alt=\"\" class=\"has-border-color wp-image-163\" style=\"border-color:#caba60;border-width:1px;border-radius:10px\" srcset=\"https:\/\/vxconsultant.com\/wp-content\/uploads\/2024\/09\/assistance11-4-1024x549.jpg 1024w, https:\/\/vxconsultant.com\/wp-content\/uploads\/2024\/09\/assistance11-4-300x161.jpg 300w, https:\/\/vxconsultant.com\/wp-content\/uploads\/2024\/09\/assistance11-4-768x412.jpg 768w, https:\/\/vxconsultant.com\/wp-content\/uploads\/2024\/09\/assistance11-4.jpg 1484w\" sizes=\"auto, (max-width: 1024px) 100vw, 1024px\" \/><\/figure>\n\n\n\n<figure class=\"wp-block-image size-large has-custom-border\"><img loading=\"lazy\" decoding=\"async\" width=\"736\" height=\"343\" data-id=\"162\" src=\"https:\/\/vxconsultant.com\/wp-content\/uploads\/2024\/09\/presta1-3.jpg\" alt=\"\" class=\"has-border-color wp-image-162\" style=\"border-color:#caba60;border-width:1px;border-radius:10px\" srcset=\"https:\/\/vxconsultant.com\/wp-content\/uploads\/2024\/09\/presta1-3.jpg 736w, https:\/\/vxconsultant.com\/wp-content\/uploads\/2024\/09\/presta1-3-300x140.jpg 300w\" sizes=\"auto, (max-width: 736px) 100vw, 736px\" \/><\/figure>\n<\/figure>\n","protected":false},"excerpt":{"rendered":"<p>Consultant Technique &amp; Expert en Rev\u00eatements de Sol Expertise valid\u00e9e par une formation d\u2019Expert du B\u00e2timent Amiable et Contradictoire, avec une exp\u00e9rience enrichie depuis 1995 dans les secteurs de la formation, du support technique et de la gestion des litiges.Je vous propose mes prestations. Formation professionnelle Animation de sessions de formation pour les \u00e9quipes commerciales &hellip;<\/p>\n<p class=\"read-more\"> <a class=\"\" href=\"https:\/\/vxconsultant.com\/\"> <span class=\"screen-reader-text\">Philippe TRICAUD<\/span> Lire la suite\u00a0\u00bb<\/a><\/p>\n","protected":false},"author":1,"featured_media":0,"parent":0,"menu_order":0,"comment_status":"closed","ping_status":"closed","template":"","meta":{"site-sidebar-layout":"default","site-content-layout":"","ast-site-content-layout":"","site-content-style":"default","site-sidebar-style":"default","ast-global-header-display":"","ast-banner-title-visibility":"","ast-main-header-display":"","ast-hfb-above-header-display":"","ast-hfb-below-header-display":"","ast-hfb-mobile-header-display":"","site-post-title":"","ast-breadcrumbs-content":"","ast-featured-img":"","footer-sml-layout":"","theme-transparent-header-meta":"","adv-header-id-meta":"","stick-header-meta":"","header-above-stick-meta":"","header-main-stick-meta":"","header-below-stick-meta":"","astra-migrate-meta-layouts":"","footnotes":""},"class_list":["post-73","page","type-page","status-publish","hentry"],"_links":{"self":[{"href":"https:\/\/vxconsultant.com\/index.php\/wp-json\/wp\/v2\/pages\/73","targetHints":{"allow":["GET"]}}],"collection":[{"href":"https:\/\/vxconsultant.com\/index.php\/wp-json\/wp\/v2\/pages"}],"about":[{"href":"https:\/\/vxconsultant.com\/index.php\/wp-json\/wp\/v2\/types\/page"}],"author":[{"embeddable":true,"href":"https:\/\/vxconsultant.com\/index.php\/wp-json\/wp\/v2\/users\/1"}],"replies":[{"embeddable":true,"href":"https:\/\/vxconsultant.com\/index.php\/wp-json\/wp\/v2\/comments?post=73"}],"version-history":[{"count":45,"href":"https:\/\/vxconsultant.com\/index.php\/wp-json\/wp\/v2\/pages\/73\/revisions"}],"predecessor-version":[{"id":208,"href":"https:\/\/vxconsultant.com\/index.php\/wp-json\/wp\/v2\/pages\/73\/revisions\/208"}],"wp:attachment":[{"href":"https:\/\/vxconsultant.com\/index.php\/wp-json\/wp\/v2\/media?parent=73"}],"curies":[{"name":"wp","href":"https:\/\/api.w.org\/{rel}","templated":true}]}}